 of r?
2
Let n(y) = -6 - 2*y**3 - 32*y**2 + 39*y**2 + 12*y + y**3 - 3. What is the units digit of n(8)?
3
Suppose -10*a + 2633 = -11337. What is the hundreds digit of a?
3
Suppose 2*n + 4 = 4*n. Suppose 0 = -4*q - 2*w - 2, -2*w - w - 11 = n*q. What is the tens digit of 441/45 - q/(-10)?
1
Let r = 896 - 318. What is the tens digit of r?
7
Let w(l) = l**3 - 2*l**2 - 3*l + 2. Let j be w(4). Suppose 5*i - 358 = j. Suppose -18 = -2*m + i. What is the tens digit of m?
4
Suppose f + 27 = 3*r + 2*r, 0 = -4*f - 8. What is the units digit of (r + (-26)/6)/((-4)/(-738))?
3
Let b = 87 + -55. Let i(x) = x**2 + 4*x + 5. Let g be i(-5). Let l = b + g. What is the tens digit of l?
4
Let f = -4 - -6. Suppose n = -f*n + 90. What is the units digit of n?
0
Suppose 5 = 4*n - h + 77, 4*n - 4*h + 72 = 0. Let g be -1*3*30/n. Suppose 100 + 0 = g*d. What is the units digit of d?
0
Suppose 32*l - 35*l = 15. Let q(v) = 2*v**2 + 7*v + 22. What is the tens digit of q(l)?
3
Let g(z) = -z**3 + 8*z**2 - z + 10. Let v be g(8). Suppose -59 = -j - 3*s, 2*s = -5*j - v*s + 295. What is the units digit of j?
9
What is the thousands digit of (-296816)/(-221) + (-2)/34?
1
Suppose -2*d - 32 = -4*z, -4*d - 21 = -3*d - 3*z. Let g(p) = p**2 - 6*p - 8. What is the units digit of g(d)?
4
Suppose -q + 3*f = -3, 0 = -q + f - 1 - 0. Let v be q*(-1)/3 + 4. Let d = 6 + v. What is the tens digit of d?
1
Suppose -3*a = -8*a + 5. What is the units digit of ((-10)/5)/(a/(-24))?
8
Let i be 0 + 1 - 2 - -2. Let c be (2/4)/(i/102). Suppose v = -o + 47, -2*o + v = -o - c. What is the units digit of o?
9
Suppose -4*g = 3*r + 41, 4*r - 2*g = 2*r - 4. Let l(a) = 2*a**2 + 8*a - 17. Let f be l(r). What is the tens digit of (-70)/(-4)*60/f?
4
Suppose -n - z - 20 = -5*n, n + 5*z - 26 = 0. Let u be 25/3 - 2/n. Suppose u*x = -2*m + 5*x + 31, -5*x + 63 = 4*m. What is the units digit of m?
7
Let p = -27 + 29. Suppose 5 = m - p*m. Let l = m - -20. What is the tens digit of l?
1
Suppose -5*g = -4*g - b - 1330, 0 = -4*b + 20. What is the hundreds digit of g?
3
Let g = -9 - -668. What is the hundreds digit of g?
6
Let g = 1629 - 286. Suppose 8*o - g = 113. What is the hundreds digit of o?
1
What is the hundreds digit of -7 + 1489 + (-63)/9?
4
Let s be 0 - ((-5)/(-2))/((-1)/(-18)). What is the units digit of (12/(-5))/(2/s)?
4
Let m = 0 - -5. Suppose -m*l + 7 = -8. What is the tens digit of 29/(4*l/24)?
5
Suppose 6326 + 9769 = 5*s. What is the units digit of s?
9
Let y = 11 + -34. Let n = y - -78. What is the tens digit of ((-12)/2)/3 + n?
5
Suppose -419 = -n + 5*c, 5*n - 2043 = c - 2*c. What is the hundreds digit of n?
4
Let a = 8 - 5. Suppose n - 3*m - 5 = 0, 0 = -0*n - 4*n - a*m + 5. What is the units digit of n?
2
What is the units digit of -33*(2 + -1)/(2/(-14))?
1
Let n(o) = 108*o**2 - 37*o + 230. What is the thousands digit of n(6)?
3
Let l(x) = -578*x - 122. What is the thousands digit of l(-5)?
2
Suppose -7318 = -14*c + 16118. What is the thousands digit of c?
1
Let k(j) = j. Let i be k(-15). Let z = i - -59. What is the units digit of z?
4
Let h(l) = -l. Let v be h(-10). Suppose -2*x - 3*x = -v. What is the units digit of 4 - x/2 - -23?
6
Suppose f - 38 = -0*f. Let v(d) = d**2 - 10*d - 39. Let n be v(12). Let g = f + n. What is the tens digit of g?
2
Suppose -3 = n - 5. Suppose n*l + 9 = 3*t, 4*t + 3*l - 32 = -l. What is the units digit of 43/t - 2/(-5)?
9
Let j(w) = w**2 + 7*w + 7. Let x(c) = -3*c**2 - 13*c - 14. Let b(f) = 5*j(f) + 2*x(f). Suppose -7 = -4*d + 21. What is the tens digit of b(d)?
2
Suppose -4*f - f - 66 = -3*h, h = 4*f + 57. Let s = 12 + f. Let j = s - -15. What is the tens digit of j?
1
Suppose 0 = -4*p - 4*h + 9156, -38*h + 11465 = 5*p - 37*h. What is the thousands digit of p?
2
Let v be (576/(-27))/(4/(-6)). Suppose 0 = -4*h - 2*y + 3*y + 25, -5*h + v = -2*y. What is the units digit of h?
6
Suppose 0 = 5*s + 5, -3*l + 1725 = -5*s - 1271. What is the hundreds digit of l?
9
Suppose -y - 33 = -5*p - 263, 4*p - 3*y + 195 = 0. Let i = 12 + p. Let u = 53 + i. What is the tens digit of u?
2
Let h be (8/(-10))/((-4)/10). Let m = -14 + h. Let s = 13 + m. What is the units digit of s?
1
Suppose 4*k + 1690 + 298 = 0. Let h = -269 - k. Suppose -12*r + h = -8*r. What is the units digit of r?
7
Let x = 1791 + -952. What is the units digit of x?
9
Suppose -i = 4*i. Suppose -4*c = -2*d + 346, 3*d - 2*c - 499 = -i*c. What is the tens digit of d?
6
Let s be 3/(-12) - (2762/(-8) - 3). What is the tens digit of 2/(s/(-356) - -1)?
8
Suppose 4*p + 4 = 8. Let f be (3 + (-7)/2)*-2. What is the tens digit of (p - (f + -23))*2?
4
Let k(w) = -32*w**3 + 2*w**2 - w - 1. What is the units digit of k(-1)?
4
Let z = 61 - 106. What is the units digit of (-19)/(-3) - (-15)/z?
6
Suppose -3 = -l, -3*l = -5*r - 2228 - 426. Let i = r - -286. What is the tens digit of i/(-21) - 3/(-7)?
1
Let s(g) = -g. Suppose -2 = 2*c + 3*f, c = 4*f + 2 + 8. Suppose c = -v - 6. What is the units digit of s(v)?
8
Let t be (-9 - 1) + (4 - 4). Let w(g) = -g**3 - 7*g**2 + 16*g + 16. What is the tens digit of w(t)?
5
Suppose 0 = c - o + 41, 4*o + 7 = -c - 44. Let f = c - -44. What is the units digit of f?
1
Let b = -126 + 133. What is the units digit of (b - 6)*(2 + 291)?
3
Let g(v) = -v**3 + 13*v**2 + 17*v - 80. What is the tens digit of g(10)?
9
Suppose 0 = 8*w + 2883 - 1107. Let l = -17 - w. What is the hundreds digit of l?
2
Let u(y) = 16*y. Let n be u(13). What is the tens digit of n/3 + (-15)/45?
6
Suppose -4*j = -0*j + z - 15, 5*z = -3*j + 7. Suppose 0*n + j*n = 20. Suppose 0 = 3*y - 2*m - 106, -y - m - 138 = -n*y. What is the tens digit of y?
3
Let i(m) = -21*m**3 - m**2 - 5*m - 1. Let q(p) = p**2 - p - 1. Let g(v) = -i(v) + 3*q(v). What is the tens digit of g(2)?
8
Suppose -5*p - 3*g + 114 + 193 = 0, -315 = -5*p - 5*g. What is the units digit of p?
9
Suppose 49*y = -13820 + 178950. What is the units digit of y?
0
Let g = 63 - -18. Suppose -2*l - 50 = b + 25, l + 39 = b. Let w = g + l. What is the tens digit of w?
4
Let d be (-76502)/(-20) - 15/150. Suppose 0 = 11*w + 4*w - d. What is the hundreds digit of w?
2
Let r = 42 - 44. What is the units digit of 1/(r/(-2 + -12))?
7
Suppose 4*q = 9*q + 5*t - 45, -q = 3*t - 9. Let f = 27 + q. What is the tens digit of f?
3
Suppose -q - 2 = 0, 4*c - 4*q - 428 = -0*q. Let h = c + 98. What is the tens digit of h?
0
Let j be ((-30)/(-25))/(12/1720). What is the tens digit of (j/(-20) - -2)*-15?
9
Suppose c - 2098 + 438 = 0. What is the tens digit of c?
6
Let s = -240 + 397. Suppose -q + 7 = w - 0*q, -14 = 3*w - 4*q. Suppose w*n = -5*f + s, 0*n = f + 3*n - 34. What is the units digit of f?
1
Let o(a) = 17*a + 6. Let m be o(4). Let k = m - -49. Let r = -87 + k. What is the tens digit of r?
3
Suppose i - 2*c + 16 = -6*c, -12 = -i + 3*c. Suppose -6*f + 11*f + 150 = i. What is the units digit of 18/f + 436/10?
3
Let d(v) = 17*v**2 + 18*v - 126. What is the units digit of d(6)?
4
Let t(h) = h**2 + 14*h - 18. Let n be t(-15). What is the units digit of (0 + n - -11) + -3?
5
Let w = -1 - -18. Let x = w - 15. Suppose -4*v + 123 = -x*n - 3*n, 2*v - 99 = -5*n. What is the units digit of v?
7
What is the tens digit of (14 - 13) + -2 + 468?
6
Suppose 4*a - x - 3981 = -4*x, -2*a + 1983 = 3*x. What is the units digit of a?
9
Let h be (-30)/(-4)*8/6. Let d(r) = r**2 - 10*r + 24. What is the tens digit of d(h)?
2
Suppose 7*f + 850 - 4448 = 0. What is the hundreds digit of f?
5
Let m(r) = 112*r**2 - 8*r + 56. What is the hundreds digit of m(4)?
8
Suppose 4*h - 9 = -1, -3*m - h = -8. Suppose -2*p = m - 6. Suppose -p*l + 21 = -39. What is the tens digit of l?
3
Let k(x) = 9*x**2 - 111*x - 112. What is the thousands digit of k(31)?
5
Let k(j) = j**3 - 2*j**2 + j - 9. Suppose -14*h + 18 = -66. What is the units digit of k(h)?
1
Let s(o) = -11*o + 5. Let g(h) = -12*h + 6. Let c(r) = 4*g(r) - 3*s(r). What is the tens digit of c(-13)?
0
Suppose 4*b - 253 = -3*t, 5*b + 0*b + 4*t - 317 = 0. What is the units digit of 1*b - (-6)/(-12)*-6?
4
Suppose -12*i = -11*i. Let f(h) = 2*h**2 - 3*h + 89. What is the tens digit of f(i)?
8
Let l(y) = y**3 + 2*y**2 - 4*y + 50. What is the hundreds digit of l(8)?
6
Let s be (-32 - -30)/(3 + 0)*-3. Let x = -3 + 7. Suppose -181 = -x*b + 2*i + 3*i, s*b - 92 = 2*i. What is the tens digit of b?
4